ctor of s and 8?
2
Let j(r) = -r**3 + 18*r**2 + 5*r - 18. Let o be j(18). Let p(q) = -q**2 + 9*q - 6 + 0*q**2 + 1. Let l be p(7). Calculate the highest common divisor of o and l.
9
Let d be (15/(-2))/(9/(-48)). Let l be 1/2 - 210/(-28). Calculate the highest common factor of l and d.
8
Let s = 12 - 6. Calculate the greatest common factor of s and 2.
2
Suppose 7*a + 69 = 216. Calculate the greatest common divisor of 147 and a.
21
Suppose j + 2*f - 113 - 57 = 0, 2*j = -2*f + 330. Calculate the highest common divisor of j and 20.
20
Let f be 175/20 + 3/12. Let p be 15*1/((-15)/(-54)). Calculate the greatest common divisor of f and p.
9
Let p = 164 + -79. Let q = -156 + p. Let f = q + 203. What is the highest common factor of 12 and f?
12
Let o = -32 - -21. Let h = 19 + o. Calculate the highest common divisor of h and 88.
8
Suppose 0*i + 19 = 2*i + r, -2*i + 4*r = -14. Suppose 3*s = 96 + i. Let u = 63 + s. Calculate the highest common factor of 14 and u.
14
Suppose -24*n + 66 = -18*n. Calculate the highest common divisor of n and 55.
11
Suppose -n + 0 = -2, -n = 2*s - 10. Suppose -s*o + 38 = -2*o. What is the greatest common divisor of o and 19?
19
Suppose -2 + 30 = 2*w. Let r(f) = -2*f + 2. Let v be r(-6). What is the greatest common factor of w and v?
14
Let n(b) = 5*b + 30. Let y be n(9). Calculate the greatest common factor of 25 and y.
25
Suppose 0 = -3*y - 2*y + 25. Suppose -y*g = -35 - 40. What is the highest common divisor of g and 6?
3
Let u(j) = 2*j**2 - 6*j - 6. Let h be u(5). Let c be ((-2)/4)/((-7)/(-14)). Let v be c/3 - 422/(-6). Calculate the greatest common factor of v and h.
14
Let m(t) = t**2 - t - 1. Let f be m(-1). Let l be 1*(-3)/3 - f. Let c be (-60)/(l + (-3)/(-6)). Calculate the highest common factor of 100 and c.
20
Suppose 5*z - 4*b + 14 + 24 = 0, -26 = 3*z - 4*b. Let a(f) = f**2 + 4*f - 1. Let o be a(z). Calculate the greatest common divisor of 11 and o.
11
Let l be (-550)/(-30) - (-2)/(-6). Calculate the greatest common factor of l and 45.
9
Let p = -12 - -7. Let b = p + 15. What is the greatest common factor of b and 40?
10
Suppose -l = 2*l - 12. Suppose 36 = l*j - 2*q - 38, -3*j + 38 = -5*q. Calculate the highest common factor of j and 63.
21
Let v(l) = -l**3 + 9*l**2 - 9*l - 7. Suppose 2*t + 2*t - 17 = 5*m, 6 = 2*m. Let d be v(t). Let u = d + 28. Calculate the greatest common factor of 117 and u.
13
Suppose 73 = 3*b - 2*t, 7*t - 2*t + 56 = 2*b. Let o be 1/(1/183) + 1. What is the greatest common factor of b and o?
23
Let d(v) = -v**3 + 10*v**2 - 4*v - 16. Let t be d(8). What is the greatest common divisor of 32 and t?
16
Let w(c) = 11*c + 3. Let r be w(1). Calculate the greatest common divisor of r and 126.
14
Let h be (-5)/(50/18)*-85. Calculate the greatest common factor of 17 and h.
17
Let c(d) = 22*d. Let u be c(6). Let b(g) = -g**3 + 3*g**2 + 4*g. Let q be b(3). Calculate the highest common divisor of q and u.
12
Let k(s) = s**2 + 15*s - 7. Let u be k(-16). Suppose -4*z - 3*t + 9 = -z, -z + 2*t = -12. What is the greatest common divisor of z and u?
3
Suppose -15 + 0 = -3*j. Suppose -24 = -4*z + 4*x, 0*z + j*z = -2*x + 44. Suppose 56 = 3*b + z. Calculate the highest common divisor of b and 176.
16
Let q = 20 + -9. Let g = q - 6. Let j be (-18)/(1 - g/2). Calculate the greatest common divisor of j and 132.
12
Suppose 0 = w - 3*w + 96. Suppose 2*k = -a + w, -14 = 3*k + a - 88. What is the greatest common factor of 26 and k?
26
Suppose -8 + 43 = 4*q + 3*r, -3*q + 5*r + 19 = 0. What is the highest common divisor of q and 8?
8
Suppose 0 = 3*h - 38 - 118. Let x(j) = 2*j - 3. Let z be x(2). Let t be (-1)/(z/(-13)) + 0. Calculate the greatest common factor of h and t.
13
Let r = -8 + 16. What is the greatest common factor of 12 and r?
4
Suppose r = 3*c - 6, 5*c = 2*r - 5*r + 10. Suppose 0 = p + c*p - 24. Calculate the greatest common divisor of 24 and p.
8
Suppose -v + 3 = -0*v. Let n = 1 + 5. Suppose -2*j - 4*y = -n*j + 80, 5*j = v*y + 92. What is the greatest common divisor of j and 176?
16
Let s be (1 + 118/(-6))*-6. Suppose -3*p + 42 = -0*p. What is the greatest common divisor of p and s?
14
Let o(i) = i + 8. Let g be o(-8). Suppose g = -4*d + 75 + 13. Calculate the greatest common divisor of d and 220.
22
Let a(b) = -5*b**3 + 4*b**2 - b - 3. Let x be a(3). Let i = -41 - x. What is the greatest common factor of i and 8?
8
Let r(i) = i**3 - i + 51. Let l be r(0). Calculate the greatest common divisor of 51 and l.
51
Let m(f) = -f**2 + 7*f. Let p be m(5). Calculate the greatest common factor of p and 70.
10
Let q = -53 + 141. Let j(y) = -5*y - 2. Let f(p) = -p + 3. Let i be f(5). Let r be j(i). What is the greatest common divisor of q and r?
8
Suppose u + 2240 = -3*u. Let k be ((-6)/4)/(6/u). Suppose 4*a - k = 3*m - m, -175 = -5*a + 2*m. What is the greatest common divisor of a and 14?
7
Let y = -24 - -22. Let q be (51 - 0) + (-1)/(-1). Let i = q - y. What is the highest common divisor of 6 and i?
6
Let w(y) = -y - 11. Let s be w(-10). Let n = s - -19. Let c(x) = x**3 + 8*x**2 + 6*x + 9. Let m be c(-6). What is the highest common divisor of m and n?
9
Let h(x) = 5*x**3 - 2*x**2 - x. Let a be h(2). Let o = -2 + 14. What is the highest common factor of o and a?
6
Let a be (2 - -1)/((-1)/(-7)). Let q = 10 + -4. Suppose -t = -q*t + 15. Calculate the highest common divisor of t and a.
3
Suppose c = -4*z + 2, 5*z = c - 0*c - 2. Suppose -d = -z*d + 2*k - 38, 5*k - 200 = -5*d. Calculate the greatest common factor of 28 and d.
14
Suppose -3*v = -4*l + 31, 4*v + 21 + 7 = 2*l. Let u = 7 - -1. What is the highest common factor of l and u?
4
Suppose -5*t + 2*d - 87 + 339 = 0, -4*d = -16. Let m be (52/3)/(32/48). Calculate the greatest common factor of m and t.
26
Suppose -5*y + 83 = 5*v + 13, -3*v - 5*y = -50. Calculate the highest common factor of v and 50.
10
Let t = 7 - -4. Suppose y + 12 = -4*a + 5*y, -3*a = y - 7. What is the highest common factor of a and t?
1
Let q(d) = d**3 + d**2 + 25. Let c be q(0). Calculate the greatest common divisor of c and 25.
25
Let j = 13 + -8. Suppose b - 94 = -3*b - c, 4*c = j*b - 128. What is the highest common factor of b and 6?
6
Let x(n) = 18*n**2 - 2. Let y be x(-4). Let b(g) = 2*g**2 - 5*g + 1. Let u be b(5). What is the greatest common factor of y and u?
26
Let b(v) = v. Let z(a) = -3*a - 1. Let f(p) = 13*b(p) + 6*z(p). Let q be f(-4). Calculate the highest common factor of 14 and q.
14
Suppose 0*b - 5*b = -70. Let a = b + 1. Calculate the greatest common factor of 45 and a.
15
Let h(z) = z**3 - 5*z**2 - 6*z + 3. Let v be h(5). Let d be ((-8)/(-12))/((-1)/v). Let r = -12 - -39. Calculate the greatest common factor of d and r.
9
Let w(y) = -11*y. Let g be w(-3). What is the highest common divisor of g and 11?
11
Let h = 20 - 2. What is the greatest common factor of 3 and h?
3
Suppose 0 = -3*n + 108 + 156. What is the greatest common factor of n and 8?
8
Suppose 2*h - 3*x + 4 = 19, 0 = -5*h - 5*x + 50. Calculate the highest common factor of h and 3.
3
Let q(v) = v**3 - 4*v**2 - 4*v + 1. Let n be q(6). Let j = -7 + 14. What is the highest common factor of n and j?
7
Let o = 30 + -21. Calculate the highest common factor of o and 3.
3
Let f(r) = 2*r**2 + 1. Let j be f(2). Let q = -15 + 8. Let k(a) = a**3 + 7*a**2 - 4*a - 1. Let c be k(q). Calculate the greatest common factor of j and c.
9
Let h(o) = -o**2 + 7*o - 5. Suppose 2*k - k - 2 = 0. Suppose -8 = -2*u + p, -u + 0*p + k*p = -1. Let i be h(u). Calculate the greatest common factor of i and 2.
1
Suppose 2*i - 6 = -0*i. Suppose -85 = -2*y - i*y. Suppose -h + 50 = 4*g, -3*h + g + 82 = -4*g. Calculate the greatest common divisor of h and y.
17
Let c(l) = l**2 - 1. Let t be c(-6). Suppose 7 = 4*m + 5*j, -5*m + t = -0*m + j. Let b be 1/(-2*1/(-176)). Calculate the highest common factor of b and m.
8
Suppose 0 = -5*a - 4*m + 875, 256 = -5*a + 3*m + 1166. Let c(i) = 12*i + 7. Let s be c(-9). Let b = a + s. Calculate the greatest common factor of 13 and b.
13
Suppose 5*i - 8 = -3*s, -s = 4*i - 5*i. Suppose 0 = 2*o - 10 - 0. What is the greatest common factor of o and i?
1
Suppose 5*b = 2*u - 37, -4*u - b = -2*u - 43. Calculate the highest common factor of u and 3.
3
Let g(n) = n**2 - n. Let f be g(-1). Suppose -2*l - 354 = -5*t - 76, -117 = -f